2). Suppose 5 = d*c - 22. Suppose 5*y - 2 = 3*j, -5*j + 52 = 7*y + 40. Calculate the highest common factor of c and y.
1
Suppose -3*i - 68*i + 349931 = -733174. What is the highest common divisor of 27 and i?
27
Suppose 230*s - 972496 = 97*s. Calculate the greatest common divisor of s and 48.
16
Suppose -50*t + 69*t = 55328. Calculate the highest common factor of t and 28.
28
Let r(i) = 2*i + 3. Let s be r(5). Let l = -11 + s. Suppose 3*z = -3*p + 21, 6*p - 2*p - 16 = l*z. What is the highest common factor of z and 2?
2
Let o(m) = -2*m**2 + 26*m + 14. Let s be o(0). What is the greatest common divisor of s and 4046?
14
Let k be -23*(-3 + 2 - 0). Suppose 4*o = -4*g + 152, 2*g + 2*o = 5*g - 89. Let i be (g*2 - -2) + 7/7. Calculate the highest common divisor of i and k.
23
Suppose -16*d + 38535 = 218*d - 102333. Calculate the highest common divisor of d and 91.
7
Let h = 9892 - 8748. Calculate the greatest common factor of h and 156.
52
Suppose 4*q - 35 = -4*y - 7, 2*q = 4*y - 10. Calculate the greatest common divisor of 2644 and y.
4
Suppose 3*r - 932 = -4*o, -3*r = 25*o - 30*o - 887. Calculate the highest common factor of 399 and r.
19
Let g be 5488/182 + 6/(-39). Suppose g = y - m, -5*y - 3*m + 23 + 87 = 0. What is the highest common factor of 1 and y?
1
Let q(j) = -6*j - 8*j + 6 + 20*j + j**2 - j. Let z be q(-3). Let i be (-858)/44*(-2 - z). Calculate the highest common factor of 3 and i.
3
Suppose 89 = 2*n - 3*c, -120*n = -121*n - c + 27. Calculate the highest common factor of 391 and n.
17
Let y be -8 - -8 - -4 - -353. Let k be 149 - (8 - (-60)/(-5)). Calculate the greatest common factor of y and k.
51
Let t(m) = 15*m**2 - 91*m - 14. Let i be t(-4). What is the greatest common divisor of i and 130?
10
Suppose -3*m + 4*c = 140, 2*c + 66 - 6 = -m. Let s = m + 57. Suppose -2*r - 20 = -2*v + 6, -r - 53 = -s*v. What is the highest common divisor of 2 and v?
2
Let a(t) = 2*t**3 + 3*t**2 + 4. Let j be a(0). What is the highest common divisor of 50 and j?
2
Let u be 49/4 - 3/(-4). Suppose 2*a - 15 = -7. Suppose -a*g = -16, -h + 6*g - g = -u. Calculate the highest common factor of h and 11.
11
Let a(z) = z**2 - 77. Let q be a(12). Suppose 3*k - 121 = -q. Suppose -i = 4*i - 45. Calculate the highest common factor of i and k.
9
Let a(z) = -z**3 - 19*z**2 + 19*z - 18. Let u be a(-20). Let d(o) = 43*o - 21. Let f be d(u). What is the greatest common divisor of f and 39?
13
Suppose -u + 5*l = 107 - 17, -2*u - 5*l = 105. Let i = -60 - u. Calculate the highest common divisor of i and 5.
5
Suppose -4*h - h = 7560. Let r be ((-4)/6)/(6/h). What is the highest common divisor of r and 14?
14
Suppose 5*q - 32 + 212 = 5*s, -2*q - 5*s - 58 = 0. Let x(b) = b**2 - 3*b + 7. Let r be x(-5). Let k = r + q. Calculate the highest common divisor of 39 and k.
13
Suppose 3*r = -3*o + 438, -4*r - 5*o = -305 - 278. Let m = r + -130. Calculate the highest common divisor of 51 and m.
17
Suppose -22 = 347*l - 358*l. Suppose l*z - 3 = z. Calculate the highest common divisor of 6 and z.
3
Let v be (154 + -8)*14*2/24*3. What is the greatest common factor of 14 and v?
7
Let u be (-400)/(-2) + (4 - (0 + 0)). Let s = -192 + u. What is the highest common factor of 84 and s?
12
Let m = -16166 + 17349. What is the highest common factor of m and 4823?
91
Suppose 3*d + 6*d = 4*d + 475. Calculate the highest common divisor of 10 and d.
5
Let a(i) = -i**2 + 6*i - 4. Let q = -4 - -7. Let m be a(q). Suppose -3*j + 7*j = -4*z + 148, m*j = -4*z + 152. Calculate the greatest common factor of z and 44.
11
Let d = 104 - 104. Let w be (d - (-250)/15)/(3/18). What is the greatest common divisor of 20 and w?
20
Let f(j) = -14*j + 158. Let z be f(9). Suppose 33*h - z = 31*h. Calculate the greatest common divisor of 392 and h.
8
Let l be ((-15)/(-4))/(45/840). Suppose 0 + l = 2*v. Let f = v + 37. Calculate the highest common divisor of 12 and f.
12
Suppose -3*k - 2177 = -6647. Suppose -7*w - 419 = -k. Let f = 270 + -253. Calculate the highest common factor of w and f.
17
Let f(l) = 62*l + 50. Let w be f(14). Calculate the highest common factor of w and 102.
102
Let k(y) = 878*y - 116. Let l be k(7). Suppose 10*d - l + 1830 = 0. Calculate the greatest common divisor of 35 and d.
35
Let t = 22 + -8. Let a = 157 - 112. Let z be (-61)/(-9) - (8 - 370/a). What is the highest common factor of z and t?
7
Let i be (675/81 + -3*1)*15. Let s = i - 64. Suppose p + 558 = 5*k - 0*p, k + 4*p = 120. What is the greatest common factor of s and k?
16
Suppose -2504*i = -2455*i - 106967. What is the highest common divisor of 531 and i?
59
Suppose 0 = -152*q + 1353 + 18407. What is the highest common factor of q and 530?
10
Suppose -q - 2*d - 21 + 17 = 0, -5*d - 10 = -2*q. Let b(u) = -40*u + 72. Let s be b(q). Calculate the greatest common factor of 234 and s.
18
Suppose -4*x + c + 3002 = 0, -7*c - 3760 = -5*x - 2*c. Suppose 3*t - x = -2*i, -252 - 258 = -2*t + 2*i. Calculate the greatest common factor of t and 36.
36
Suppose 0 = 3*f + 88 - 421. Let m = -1702 - -1704. Suppose -w = -2*b + 85, m*b = -3*w + f - 14. What is the greatest common divisor of b and 4?
4
Let y(k) = k**3 + 23*k**2 - 9*k - 32. Let s be (-19 - 3 - -3) + -4. Let t be y(s). Let n = t - -41. Calculate the highest common divisor of 24 and n.
24
Suppose -65 = -8*o + 1231. Let w = -137 + o. Calculate the highest common factor of w and 325.
25
Let w be 317 + 1 + (-7)/1. Suppose -5*f + 739 = -w. Calculate the highest common factor of 30 and f.
30
Let y be (-2)/6*4*(-18)/4. Suppose -y*i = -i - 15. Suppose -5*x = 20, l - i*x = -4*x + 2. What is the highest common divisor of 12 and l?
6
Let v(j) = 287*j**2 + 4*j - 5. Suppose 5*s = -174 + 179. Let l(d) = -2*d + 3. Let z be l(s). Let q be v(z). Calculate the greatest common factor of 26 and q.
26
Suppose -3*n + 8*n - 39 = 11. Let l = -14 - -8. Let j be -3*((-4)/l + -1). Calculate the greatest common factor of j and n.
1
Let a be (-8)/(-6) - 14/(-21). Suppose -a*f + 690 = 4*f. Suppose 4*t + x = f, -3*t = -2*x - 23 - 77. Calculate the greatest common factor of 210 and t.
30
Let m = -8220 - -8302. What is the highest common factor of 3444 and m?
82
Let w = 202 - 187. Suppose -w*f - 10*f = -325. What is the greatest common factor of 117 and f?
13
Let s(w) = 2*w**3 - 12*w**2 - 4*w + 11. Let m be s(7). Calculate the greatest common factor of m and 108.
27
Let o(v) = 19*v**2 + 13*v - 62. Let m be o(7). Calculate the greatest common divisor of m and 848.
16
Suppose -42 - 153 = -g. Let b be 8220/g + (-6)/39. Calculate the greatest common factor of b and 126.
42
Let f be (-9)/(-6)*16/6. Suppose -2*l - 5*j = -101, -f*l + 295 = 2*j + 53. Let c = 114 - 105. Calculate the greatest common divisor of l and c.
9
Let z(t) = -t**3 - 9*t**2 - 5*t + 7. Let s be z(-9). Let o be ((-10)/5 + 4)/((-5)/(-65)). Calculate the highest common divisor of o and s.
26
Let g(n) = -25 + 35 - 21 + 3*n**2 - 11*n - 2*n**2. Let z be g(12). Calculate the highest common factor of 25 and z.
1
Let f be 7438/10 - (-9)/6*(-114)/(-855). What is the greatest common factor of 155 and f?
31
Let i(f) = -35*f**3 - 43*f - 43. Let r be i(-1). What is the highest common factor of 1855 and r?
35
Suppose 0 = 2*a - 21 + 11. Let y = -28 + 16. Let v be (-30)/y*(-2)/(-1). Calculate the highest common factor of a and v.
5
Let h(l) = l**2 + 27*l + 17. Let m = 989 - 1018. Let o be h(m). Let d = -12 + 27. What is the highest common factor of o and d?
15
Suppose -54*s + 49*s + 16664 = 4*y, 4*s = 5*y + 13364. Calculate the highest common factor of s and 48.
24
Suppose -2*f + 4 = -j, -3*j + 4*j - 4*f + 18 = 0. What is the greatest common factor of j and 1460?
10
Let d(u) = -3252*u + 160. Let a be d(-5). Let w be 16/(-36) + a/90. What is the greatest common divisor of w and 52?
26
Let p = 11 - 14. Let u = -66 + 64. Let a be ((3 + -273)/p)/(u + 3). Calculate the greatest common divisor of a and 10.
10
Let y(d) = 8*d - 72. Let b be y(10). Let t be (-10)/(-2) + 3 + -4 + b. Calculate the highest common divisor of 28 and t.
4
Let g = 313 + -169. Let j be 20/(-6)*g/(-10). Let n = j + -47. Calculate the greatest common factor of n and 13.
1
Suppose -59*q = 44*q - 81*q - 682. Let h(s) = 2*s**3 - 13*s**2 + 10*s + 1. Let m be h(9). Calculate the greatest common factor of q and m.
31
Let 